{"id":20,"date":"2024-06-04T14:39:40","date_gmt":"2024-06-04T12:39:40","guid":{"rendered":"https:\/\/thomas-hortlik.de\/cms\/?page_id=20"},"modified":"2026-02-17T16:32:52","modified_gmt":"2026-02-17T15:32:52","slug":"psychotherapie","status":"publish","type":"page","link":"https:\/\/thomas-hortlik.de\/cms\/psychotherapie\/","title":{"rendered":"Psychotherapie"},"content":{"rendered":"\n<figure class=\"wp-block-table\"><table><tbody><tr><td>Was ist Psychotherapie?<\/td><\/tr><tr><td>&nbsp;<\/td><td>&nbsp;<\/td><\/tr><tr><td>Wen auch immer Sie fragen, Sie werden sicherlich eine spezifische pers\u00f6nliche Antwort erhalten; d.h., es gibt keine allgemein g\u00fcltige Definition. W\u00f6rtlich k\u00f6nnte man etwas bombastisch \u00fcbersetzen: heilen der Seele.<br>So aber wie ein Arzt &#8222;nur&#8220; daf\u00fcr sorgen kann, dass ein krankes Organ die besten Bedingungen (zur\u00fcck) erh\u00e4lt, damit der Organismus sich selbst heilen kann, kann durch Psychotherapie ein Kontext, eine Situation geschaffen werden, in der ein Mensch wieder heil werden kann.<br>Psychotherapie ist also auf keinen Fall &#8222;Behandlung&#8220;! Sie ist eine kooperative, gleichrangige Zusammenkunft zweier oder mehrerer Menschen mit dem Ziel, Handlungsm\u00f6glichkeiten zu schaffen und \/ oder zu erweitern, um zu einem gesunden, stimmigen Erleben (zur\u00fcck) zu finden.<br>Wie dies methodisch geschieht, ist dabei v\u00f6llig zweitrangig. Entscheidend und der wirkliche Fachmann bzw. die Fachfrau f\u00fcr Psychotherapie ist immer die Klientin, der Klient, niemals der Psychotherapeut. Dessen professionelles Wissen und K\u00f6nnen besteht in der Herstellung und Aufrechterhaltung der Beziehung zum Klienten und das Einbringen spezieller Ideen und Fragen. Er wei\u00df niemals besser als seine Klienten, was gut und richtig f\u00fcr diese w\u00e4re; dies wissen ausschlie\u00dflich die Klienten.<br><br>F\u00fcr Sie als Klientin\/Klient hei\u00dft das:<br><br>Sie erz\u00e4hlt Ihre besondere und wichtige Geschichte und bestimmen so weit wie m\u00f6glich Ihre Zielvorstellungen Sie (re-) aktivieren bereits gezeigte Fertigkeiten und Ressourcen, mit Widrigkeiten Ihres Lebens umzugehen. In einer gleichrangigen und kooperativen Beziehung zum Therapeuten entwickeln Sie Handlungsspielr\u00e4ume und Experimente, um in Ihrem Alltag Entwicklungen anzuregen und umzusetzen Sie als Fachfrau\/-mann wissen allein, was f\u00fcr Sie richtig und stimmig ist, auch wenn Sie z.Zt. noch keinen Zugang zu diesem Wissen haben m\u00f6gen<\/td><\/tr><\/tbody><\/table><\/figure>\n","protected":false},"excerpt":{"rendered":"<p>Was ist Psychotherapie? &nbsp; &nbsp; Wen auch immer Sie fragen, Sie werden sicherlich eine spezifische pers\u00f6nliche Antwort erhalten; d.h., es gibt keine allgemein g\u00fcltige Definition. W\u00f6rtlich k\u00f6nnte man etwas bombastisch \u00fcbersetzen: heilen der Seele.So aber wie ein Arzt &#8222;nur&#8220; daf\u00fcr &hellip; <a href=\"https:\/\/thomas-hortlik.de\/cms\/psychotherapie\/\">Weiterlesen <span class=\"meta-nav\">&rarr;<\/span><\/a><\/p>\n","protected":false},"author":1,"featured_media":0,"parent":0,"menu_order":1,"comment_status":"closed","ping_status":"closed","template":"","meta":{"footnotes":""},"class_list":["post-20","page","type-page","status-publish","hentry"],"_links":{"self":[{"href":"https:\/\/thomas-hortlik.de\/cms\/wp-json\/wp\/v2\/pages\/20","targetHints":{"allow":["GET"]}}],"collection":[{"href":"https:\/\/thomas-hortlik.de\/cms\/wp-json\/wp\/v2\/pages"}],"about":[{"href":"https:\/\/thomas-hortlik.de\/cms\/wp-json\/wp\/v2\/types\/page"}],"author":[{"embeddable":true,"href":"https:\/\/thomas-hortlik.de\/cms\/wp-json\/wp\/v2\/users\/1"}],"replies":[{"embeddable":true,"href":"https:\/\/thomas-hortlik.de\/cms\/wp-json\/wp\/v2\/comments?post=20"}],"version-history":[{"count":3,"href":"https:\/\/thomas-hortlik.de\/cms\/wp-json\/wp\/v2\/pages\/20\/revisions"}],"predecessor-version":[{"id":25,"href":"https:\/\/thomas-hortlik.de\/cms\/wp-json\/wp\/v2\/pages\/20\/revisions\/25"}],"wp:attachment":[{"href":"https:\/\/thomas-hortlik.de\/cms\/wp-json\/wp\/v2\/media?parent=20"}],"curies":[{"name":"wp","href":"https:\/\/api.w.org\/{rel}","templated":true}]}}